ommon factor of y and 2?
2
Let l = 45 - 13. Suppose -2*i + 1 = -7. Calculate the highest common factor of i and l.
4
Let j(k) = 19*k - 1. Let h be j(2). Calculate the highest common factor of h and 37.
37
Let y be 54 - (-11 - 20/(-4)). Calculate the greatest common factor of 90 and y.
30
Suppose -3*g - 2*g + 60 = 0. What is the highest common factor of g and 12?
12
Let g(u) = u**3 - 3*u**2 - 3*u + 6. Let l be g(4). Let n = 172 + -119. Let a = n + 37. What is the highest common divisor of l and a?
10
Let l(k) = 4*k + 11. Let z be l(1). Suppose 3*d - 525 = -2*d. What is the greatest common divisor of z and d?
15
Let m be -9 - -50 - 1/(-1). Let h(c) = 2*c**2 - 3*c + 1. Let r be h(-3). What is the greatest common factor of m and r?
14
Suppose 2*l + o + 87 = 4*l, 51 = l + o. Let n(j) = 7*j**2 + j + 3. Let i be n(3). Calculate the greatest common factor of i and l.
23
Let d(y) = 2*y**2 + 7*y + 3. Let f be d(-4). What is the highest common divisor of 28 and f?
7
Let s(h) = h + 7. Let c(v) = -1. Let y(k) = 4*c(k) + s(k). Let o be y(-3). Let i be 1 + o - (-6 - 3). What is the highest common factor of i and 2?
2
Suppose 5*y = 5*b + 24 + 6, -4*b = -5*y + 34. What is the greatest common factor of y and 110?
10
Let m = 29 + -5. Let p = m - 12. Let l = 15 + -3. Calculate the greatest common divisor of p and l.
12
Suppose -5*y + 25 = 2*i - 92, -i = 4. Calculate the greatest common factor of 10 and y.
5
Let x = 112 - 59. Calculate the greatest common divisor of 212 and x.
53
Let s(u) = -u**2 - 10*u + 13. Let m be s(-11). What is the greatest common factor of 6 and m?
2
Let b = 96 - -16. Calculate the greatest common divisor of 14 and b.
14
Let v = 0 - 3. Let u = 5 - v. Let x(k) = 6*k + 32. Let q be x(-4). Calculate the highest common factor of q and u.
8
Suppose -3*t = 2*b - 20, t - 6 = -2. What is the highest common factor of 32 and b?
4
Let t be 85 + -1*(-2 + 2). Let w be -1 - 0 - 5*-7. What is the highest common factor of w and t?
17
Let i be -3 - (9/(-3) + -30). What is the highest common factor of 5 and i?
5
Suppose -4*n + 6 = -4*x + 66, 4*n = 3*x - 48. Let f = 2 - 3. Let h be (-4)/(f - (-9)/x). What is the highest common factor of 2 and h?
2
Let t be (0 - (-2988)/16) + (-1)/(-4). Let a = -3 - -9. Let c be ((-2)/a)/((-2)/102). Calculate the highest common divisor of t and c.
17
Let o be (0 + (-16)/12)*-51. Calculate the greatest common divisor of 17 and o.
17
Let y = 91 + -73. Calculate the greatest common factor of y and 30.
6
Let a = 10 - 2. Let j = 34 - a. What is the highest common factor of j and 208?
26
Suppose 0 = -3*h - 5*u - 44, 2 = h - 3*u - 2. Let v be ((-108)/h)/((-6)/(-32)). What is the greatest common factor of v and 9?
9
Let r = 1 + 4. Suppose 0*b + 2*b = d + 69, -2*b - r*d + 87 = 0. Suppose -2*g = g - 12. Calculate the highest common factor of b and g.
4
Let o = -2 - -2. Let k be o + -1 - (-129)/3. What is the highest common factor of k and 14?
14
Let t be (-9)/2 - (-1)/(-2). Let j be 139/5 - 1/t. What is the highest common factor of 70 and j?
14
Let l be 4/(8/(-18))*3/(-9). Let w = 308 + -163. Suppose w = l*p + 10. Calculate the greatest common factor of 15 and p.
15
Let s be ((-70)/(-3))/((-1)/(-3)). Let x = -19 + 29. Calculate the highest common factor of s and x.
10
Suppose -28 = -6*d + 44. What is the highest common factor of 6 and d?
6
Let x = -58 - -70. Calculate the highest common divisor of 156 and x.
12
Let x(d) = 2 - 3*d**3 + 6*d**3 + d - 2*d - 2*d**3 + d**2. Let t be x(0). What is the highest common divisor of 4 and t?
2
Let n(w) be the second derivative of w**3/6 + 6*w**2 - w. Let f be n(0). What is the highest common divisor of f and 108?
12
Suppose -4*m + u = -14, -m + 4*u = m - 14. Let o(p) = 2*p**2 - 4*p + 4. Let x be o(m). Calculate the highest common factor of 90 and x.
10
Let m(o) = 2*o**2 - 7*o - 2. Let k be m(6). Suppose -5*x + 5*v + 18 = -27, -3*v = -x - 1. Calculate the highest common divisor of k and x.
14
Let s be (1 + 3/2)*2. Let g be 27/18*70/3. Calculate the greatest common factor of s and g.
5
Suppose 0 = -g + 4, 3*j = 5*g - 3*g + 340. What is the highest common factor of j and 29?
29
Let t(f) = -f**3 - 12*f**2 - 11*f + 1. Let o be t(-11). Let s be 68*-1*o/(-2). What is the greatest common factor of s and 85?
17
Let c be 238/12 + (-9)/(-54). Let w be (102/5)/(6/c). What is the highest common divisor of w and 17?
17
Let q(x) = -14*x + 2 - 20*x + 10*x. Let c be ((-4)/3)/(12/18). Let y be q(c). What is the greatest common factor of 20 and y?
10
Let z(b) = 84*b - 16. Let r(p) = 17*p - 3. Let u(h) = 11*r(h) - 2*z(h). Let t be u(1). What is the highest common divisor of t and 9?
9
Suppose 275 = 3*n + f, 4*f - 517 = -5*n - 47. Suppose 3*o - 21 = 12. Suppose d - o = 7. Calculate the highest common factor of d and n.
18
Suppose -m - 6 = -5*z + 2, 2*m + 7 = z. Suppose 2*v - 20 = -6. Calculate the greatest common divisor of v and z.
1
Suppose -2*b - 8 + 0 = 4*l, 3*l - 15 = 0. Let h be 2/14 - 838/b. What is the highest common factor of h and 24?
12
Let s = 15 - 10. Let d(x) = 2*x**2 + 2*x + 5. Let b be d(s). Calculate the highest common factor of b and 26.
13
Let s(q) = 266*q**2 + 4*q + 2. Let v be s(-1). What is the highest common divisor of 24 and v?
24
Suppose j + k = 5, 5*j + 0*k - 3*k - 17 = 0. What is the highest common divisor of j and 4?
4
Let w be 1/3 + (-46)/(-6). Calculate the greatest common divisor of w and 20.
4
Suppose 0 = -5*f - 5*z - 15, -3*f + 38 = -5*z + 7. Let i(l) = -10*l - 4 + 2*l**f + 3 + 9. Let u be i(6). What is the greatest common divisor of u and 5?
5
Suppose -p + 1 = -4. Let r(a) = a**2 + 7*a + 10. Let b be r(-10). Suppose 3*o = 2*o + p*q + b, -76 = -o - 4*q. Calculate the highest common divisor of 12 and o.
12
Let s(m) = m**2 - 10*m - 15. Let w be s(13). Calculate the greatest common divisor of w and 36.
12
Suppose f + 3*z = 20, 0*f - 4 = 2*f - 5*z. What is the highest common factor of f and 72?
8
Let v(u) = 10*u**3 - 6*u + 4. Let l be v(2). What is the greatest common divisor of l and 16?
8
Suppose d + 20 = 2*l - l, 2*l - d = 36. Calculate the highest common divisor of l and 16.
16
Let n(i) = 20*i**2 - 4*i - 3. Let c be n(-2). Calculate the greatest common factor of c and 17.
17
Suppose -2*x - 2 = -4. Calculate the highest common factor of x and 4.
1
Let h be 124/(-8)*(-2 + 0). Suppose -o - 4*i + h = 0, 5*o - 3*i - 155 = -0*i. What is the greatest common divisor of o and 93?
31
Suppose -d + 123 = -0*d + 3*x, d = 3*x + 147. Calculate the greatest common factor of d and 15.
15
Suppose -13*t + 484 = -972. What is the greatest common factor of t and 7?
7
Suppose 3*p + 3*v - 84 = 0, -4*p + 2*v = -0*v - 106. What is the highest common factor of p and 9?
9
Suppose 2*n + 3*n = 10. Suppose -116 = -n*s + 5*o, -2*s + s - 2*o = -67. Calculate the highest common factor of s and 9.
9
Let y(p) = p**2 + 7*p. Let u be y(-7). Let a be (-1)/(-2)*2 + u. Suppose -a - 4 = -i. What is the highest common divisor of i and 20?
5
Let z be 48/5 + 6 + 3/(-5). What is the greatest common factor of z and 120?
15
Let o = 4 - 55. Let j = -36 - o. What is the greatest common factor of j and 15?
15
Suppose 0 = -4*f + 2*k + 72 - 24, -3*f = 5*k - 62. Let v = -8 + f. Suppose 2*w - 50 = 82. Calculate the highest common factor of v and w.
6
Let r = -36 - -91. Suppose -123 = -4*q - 35. Calculate the highest common divisor of r and q.
11
Let t = 0 + 0. Suppose -2*n - 4 = t, -b = -5*n - 0*n - 78. What is the highest common factor of b and 17?
17
Let l = -26 + 116. Calculate the greatest common factor of 20 and l.
10
Let v = 4 + 5. Suppose -4*k = v - 29. Let x = 7 - k. What is the greatest common divisor of 22 and x?
2
Suppose -61 = -i + 19. Let h be (-2)/(-5) + (-158)/(-5). Calculate the greatest common factor of i and h.
16
Suppose -3*y + 136 = y. What is the greatest common divisor of 136 and y?
34
Let a(o) = 2*o**2 - 17*o - 14. Let j be a(12). What is the greatest common factor of 28 and j?
14
Let c = 283 + -193. What is the greatest common divisor of 18 and c?
18
Suppose -4*b - d + 10 + 4 = 0, 0 = -5*b + d + 22. Suppose -t - 2*f - 2 = -16, -34 = -5*t - f. What is the greatest common factor of t and b?
2
Suppose 4*v - 660 = 3*u, 0 = 2*v - v + 5*u - 188. Calculate the highest common divisor of v and 21.
21
Let g = -31 - -103. 